2201413?
-2203212
In base 11, what is 207a6 - -2593?
23289
In base 2, what is 1000100 - -11110101010001000?
11110101011001100
In base 4, what is 11 + 121320122101?
121320122112
In base 9, what is -13118 - -715?
-12303
In base 14, what is -2 + b6a63?
b6a61
In base 12, what is 1429a67 + -67?
1429a00
In base 2, what is 11101101001110000001 + 1010?
11101101001110001011
In base 15, what is -4 - 20750ac7?
-20750acb
In base 4, what is 10201312333 + -2202?
10201310131
In base 10, what is 7 + -204728668?
-204728661
In base 16, what is 4e6db3 - -e?
4e6dc1
In base 13, what is -9573448 + 3?
-9573445
In base 9, what is -3003280 + -7?
-3003287
In base 2, what is -11000110000010010111 + 10011010?
-11000101111111111101
In base 5, what is 110120120 - 21201?
110043414
In base 7, what is 134306214245 - 3?
134306214242
In base 10, what is 72631538 - 4?
72631534
In base 7, what is -10325046512 + -5?
-10325046520
In base 12, what is 79 - -2b6937?
2b69b4
In base 10, what is -6166907 - 3?
-6166910
In base 10, what is 1319560 - -38?
1319598
In base 8, what is -67 - 163726?
-164015
In base 15, what is -2658 + cd1a?
a6b2
In base 15, what is 350 - -30b81?
30ed1
In base 15, what is 12a12bc + -1?
12a12bb
In base 8, what is -25775 + 32574?
4577
In base 10, what is -40949 - -13?
-40936
In base 8, what is 46041056 - 10?
46041046
In base 11, what is 8 - -31aa72?
31aa7a
In base 6, what is 15100 + 42?
15142
In base 10, what is 301 - 94833?
-94532
In base 4, what is 331223232 + 3210?
331233102
In base 5, what is 12443030 + 11?
12443041
In base 2, what is -10110101110000010101100110 + -1?
-10110101110000010101100111
In base 12, what is 2b8 - 12673?
-12377
In base 7, what is 4230 - 2561610?
-2554350
In base 5, what is -2002 + -24010?
-31012
In base 9, what is -7071 + -787?
-7868
In base 14, what is 2 + -2a8451?
-2a844d
In base 7, what is -221542 - -534?
-221005
In base 4, what is -202 - 3200320?
-3201122
In base 7, what is -1053636230 + -2?
-1053636232
In base 10, what is 3 + 18506515?
18506518
In base 5, what is -2044023004233 - -2?
-2044023004231
In base 5, what is -42320332340 + -3?
-42320332343
In base 9, what is -80535 + -33260?
-123805
In base 15, what is 4511 - -48?
4559
In base 16, what is -4cd46 + -10?
-4cd56
In base 14, what is 308438 - -3a?
308474
In base 5, what is 122 + 2204233?
2204410
In base 2, what is -1001111 + 1011000110101111?
1011000101100000
In base 16, what is -b + -14326c?
-143277
In base 6, what is -353 + 3254351?
3253554
In base 6, what is 3 - -13243523?
13243530
In base 4, what is -112301223 - 2022?
-112303311
In base 3, what is -22201011211202 + -10?
-22201011211212
In base 4, what is -31003000230 - 2?
-31003000232
In base 9, what is 1366 - 77850?
-76473
In base 3, what is -2010012022 - 212121?
-2011001220
In base 14, what is -19893 + 1369?
-18528
In base 12, what is -4708a17b - -1?
-4708a17a
In base 14, what is 5a66a47 + -4?
5a66a43
In base 14, what is -1b + -12c39?
-12c56
In base 9, what is 1 - -251182783?
251182784
In base 9, what is -3331 + -13174?
-16515
In base 6, what is 1 - -104152235200?
104152235201
In base 15, what is -a - 47202?
-4720c
In base 10, what is -575557 + 57?
-575500
In base 7, what is -32 + 1410642?
1410610
In base 11, what is 17a882 - 41?
17a841
In base 15, what is -2788 - -3634?
d9b
In base 16, what is -59ca4 - -5?
-59c9f
In base 13, what is -32 - 99529?
-9955b
In base 7, what is 45535203 - 5?
45535165
In base 2, what is 10000 + -10001010011101001010?
-10001010011100111010
In base 4, what is 313213011332031 - -2?
313213011332033
In base 7, what is 206663 + 23?
210016
In base 8, what is -1 - -624266134?
624266133
In base 6, what is -51212 + 42402?
-4410
In base 4, what is 212133313302200 + 2?
212133313302202
In base 3, what is 12201010102112 - -201?
12201010110020
In base 8, what is 127373 + 34?
127427
In base 16, what is -18a - 50fd?
-5287
In base 3, what is -10101220 + 10102202?
212
In base 7, what is 113150235 - 1?
113150234
In base 3, what is 110011102200000 + 11?
110011102200011
In base 6, what is -15 + 2414044340?
2414044321
In base 3, what is -2122122101 - 121110?
-2200020211
In base 11, what is 11527 + a7?
11623
In base 15, what is -109 + 8e3c?
8d33
In base 3, what is 1120 - 2000021111010?
-2000021102120
In base 3, what is 11 - -2011010220010212?
2011010220011000
In base 5, what is 14003421 + -13010?
13440411
In base 9, what is -2318142 + 10?
-2318132
In base 15, what is -1 + -168b864?
-168b865
In base 6, what is 3343155342 + -3?
3343155335
In base 3, what is -11122101 - 1022100?
-12221201
In base 6, what is 104135 - 124033?
-15454
In base 6, what is -1 + 113344435?
113344434
In base 14, what is 0 + 96ccc1?
96ccc1
In base 10, what is 2 - -1153545?
1153547
In base 13, what is -29 - -656529?
656500
In base 7, what is 21012 - -3512051?
3533063
In base 12, what is 14a - 15b52?
-15a04
In base 16, what is 54b043 + -4?
54b03f
In base 10, what is 17 - 9769768?
-9769751
In base 15, what is 2273 - 263e?
-3bb
In base 16, what is -25 - -68b5?
6890
In base 3, what is 122220010201102 + 20?
122220010201122
In base 2, what is 100111101011000000011 - -11101?
100111101011000100000
In base 10, what is 12213 + -11?
12202
In base 7, what is 1364501 - 62?
1364406
In base 2, what is -1011111000110111 - -101001010100010?
-110101110010101
In base 8, what is -26643320 - -4?
-26643314
In base 14, what is 8b + 2c97c?
2ca29
In base 5, what is 4 - -30201404244?
30201404303
In base 11, what is 18019a7 + -4?
18019a3
In base 2, what is 100 - 10011101000001010001011110?
-10011101000001010001011010
In base 10, what is -309 + 5441?
5132
In base 8, what is -513 + -1035532?
-1036245
In base 6, what is 34254 + -11214?
23040
In base 5, what is -12343 + 1001032?
433134
In base 10, what is -637 - -24763?
24126
In base 11, what is -1438 - -16393?
14a56
In base 2, what is -100111000011010 + 111010110100?
-11111101100110
In base 2, what is -11110110011010110 - 11100011000?
-11111001111101110
In base 6, what is 141234053 + -143?
141233510
In base 3, what is 220002 - -1000222210?
1001212212
In base 16, what is -3dfd5a - -1?
-3dfd59
In base 6, what is 520313103 - -4?
520313111
In base 5, what is 202 - 2233104410?
-2233104203
In base 13, what is -4 + -10ac00?
-10ac04
In base 14, what is 4 + -33c7a?
-33c76
In base 9, what is -131025862 + 4?
-131025857
In base 12, what is -3 + -400232?
-400235
In base 12, what is 7 + 782009?
782014
In base 12, what is -52608 + 10?
-525b8
In base 12, what is -45 - b69a32?
-b69a77
In base 3, what is 12121222220 + 101121?
12122101111
In base 2, what is 111000001 - 100001101011101?
-100000110011100
In base 11, what is 487968a8 + -13?
48796895
In base 9, what is 113 - 186605?
-186482
In base 13, what is -5 + -230a054?
-230a059
In base 2, what is -10111111001110011000110100 - 101?
-10111111001110011000111001
In base 7, what is 10561112 + 224?
10561336
In base 12, what is 407136 - 50?
4070a6
In base 12, what is 95 + -a7aa?
-a715
In base 3, what is 20200111220112 + -110?
20200111220002
In base 8, what is 37 - 265511760?
-265511721
In base 13, what is 0 + -643bc9?
-643bc9
In base 9, what is -47637102 - 4?
-47637106
In base 11, what is -19713 + 218?
-194a6
In base 10, what is 11 - -37186494?
37186505
In base 4, what is -2123103103 - -33?
-2123103010
In base 13, what is -c8 - -7643?
7548
In base 10, what is 1087 - -463917?
465004
In base 13, what is 2942 - 7aa?
2165
In base 8, what is 15063 + 2132?
17215
In base 13, what is -101a - -17b60?
16b43
In base 4, what is -2 + 23102211203?
23102211201
In base 2, what is -100101011010110010000110101 + 11?
-100101011010110010000110010
In base 10, what is -153133 - 58?
-153191
In base 8, what is -1514436 + -15?
-1514453
In base 2, what is 1001000111101010101 - -10100000?
1001000111111110101
In base 14, what is -37b5 + c7?
-36cc
In base 13, what is 3 - -4000933?
4000936
In base 4, what is -3012211111 + 21030?
-3012130021
In base 7, what is -130 + -12344431?
-12344561
In base 13, what is -93 + 86376?
862b3
In base 2, what is 110 + -11101011000110000001011?
-11101011000110000000101
In base 16, what is 92 + -14f53?
-14ec1
In base 4, what is -23321203 - 122323?
-30110132
In base 10, what is -2 - 67351065?
-67351067
In base 15, what is 122c6 + 1d0c?
140d3
In base 12, what is -22a16b32 - 2?
-22a16b34
In base 15, 